e the remainder when 131514 is divided by 622.
272
What is the remainder when 792314 is divided by 206?
38
Calculate the remainder when 15437663 is divided by 24.
23
Calculate the remainder when 795181 is divided by 1828.
1
What is the remainder when 10730023 is divided by 14?
3
Calculate the remainder when 361865 is divided by 25.
15
Calculate the remainder when 64492126 is divided by 129.
124
What is the remainder when 114285 is divided by 2564?
1469
Calculate the remainder when 77069 is divided by 25525.
494
Calculate the remainder when 491788 is divided by 1466.
678
Calculate the remainder when 1370276 is divided by 34244.
516
Calculate the remainder when 76307 is divided by 11.
0
Calculate the remainder when 2920222 is divided by 31064.
206
Calculate the remainder when 603834 is divided by 603759.
75
Calculate the remainder when 1760817 is divided by 77.
58
Calculate the remainder when 993749 is divided by 1012.
977
What is the remainder when 12210 is divided by 5746?
718
Calculate the remainder when 1183556 is divided by 197256.
20
What is the remainder when 183654 is divided by 2267?
27
What is the remainder when 8207240 is divided by 2022?
1964
Calculate the remainder when 3142520 is divided by 3142491.
29
What is the remainder when 275271 is divided by 3484?
35
Calculate the remainder when 19889661 is divided by 3560.
3501
Calculate the remainder when 9230 is divided by 3076.
2
Calculate the remainder when 253914 is divided by 2211.
1860
What is the remainder when 4594471 is divided by 382872?
7
Calculate the remainder when 1610695 is divided by 767.
762
Calculate the remainder when 87821 is divided by 143.
19
Calculate the remainder when 52492358 is divided by 59.
58
What is the remainder when 8654372 is divided by 2532?
2528
What is the remainder when 3359035 is divided by 1862?
1849
What is the remainder when 6105 is divided by 149?
145
Calculate the remainder when 9285314 is divided by 5648.
2
What is the remainder when 280520 is divided by 140250?
20
What is the remainder when 15623 is divided by 274?
5
Calculate the remainder when 3981270 is divided by 284376.
6
Calculate the remainder when 20783 is divided by 196.
7
Calculate the remainder when 4448630 is divided by 404417.
43
Calculate the remainder when 1360333 is divided by 2391.
2245
Calculate the remainder when 2548243 is divided by 219.
178
Calculate the remainder when 205273800 is divided by 7288.
7280
Calculate the remainder when 39172083 is divided by 78.
15
Calculate the remainder when 22997109 is divided by 140226.
45
Calculate the remainder when 315560 is divided by 106.
104
What is the remainder when 198121 is divided by 962?
911
Calculate the remainder when 713221 is divided by 51.
37
Calculate the remainder when 591774 is divided by 404.
318
What is the remainder when 140238 is divided by 17527?
22
Calculate the remainder when 1742519 is divided by 126.
65
Calculate the remainder when 10564718 is divided by 144722.
12
What is the remainder when 8754228 is divided by 71?
70
What is the remainder when 1743259 is divided by 2980?
2939
What is the remainder when 642967 is divided by 128589?
22
Calculate the remainder when 2138343 is divided by 63.
60
Calculate the remainder when 4298466 is divided by 389.
16
Calculate the remainder when 315521 is divided by 44.
41
What is the remainder when 69079 is divided by 782?
263
What is the remainder when 1126754 is divided by 243?
206
Calculate the remainder when 593407 is divided by 1216.
1215
What is the remainder when 338198 is divided by 37226?
3164
What is the remainder when 103967 is divided by 855?
512
Calculate the remainder when 24410 is divided by 1354.
38
Calculate the remainder when 368103 is divided by 160.
103
Calculate the remainder when 116486169 is divided by 99.
96
What is the remainder when 155920099 is divided by 824974?
13
Calculate the remainder when 58687 is divided by 2793.
34
What is the remainder when 305140 is divided by 69?
22
What is the remainder when 147091 is divided by 13369?
32
Calculate the remainder when 1155450 is divided by 1598.
96
Calculate the remainder when 3301980 is divided by 563.
548
What is the remainder when 5818209 is divided by 1403?
1371
What is the remainder when 10737855 is divided by 397698?
9
What is the remainder when 865548 is divided by 355?
58
Calculate the remainder when 268455 is divided by 57.
42
Calculate the remainder when 1049249 is divided by 262164.
593
Calculate the remainder when 13301 is divided by 2637.
116
What is the remainder when 13571956 is divided by 1696494?
4
What is the remainder when 80183 is divided by 2683?
2376
Calculate the remainder when 51772 is divided by 17239.
55
What is the remainder when 27346 is divided by 6780?
226
Calculate the remainder when 1061810 is divided by 8427.
8
Calculate the remainder when 433123513 is divided by 11.
9
Calculate the remainder when 9442282 is divided by 258.
256
Calculate the remainder when 237320 is divided by 5668.
4932
What is the remainder when 689250 is divided by 1992?
18
What is the remainder when 133594774 is divided by 499?
498
Calculate the remainder when 633092 is divided by 15827.
12
Calculate the remainder when 674655 is divided by 223884.
3003
What is the remainder when 337890 is divided by 168888?
114
What is the remainder when 33566676 is divided by 3?
0
Calculate the remainder when 5809746 is divided by 1913.
1878
What is the remainder when 275812357 is divided by 27?
13
Calculate the remainder when 46884954 is divided by 727.
724
What is the remainder when 12223808 is divided by 15?
8
What is the remainder when 3154808 is divided by 7638?
314
What is the remainder when 333516832 is divided by 147?
145
Calculate the remainder when 3535854 is divided by 1767899.
56
Calculate the remainder when 49198414 is divided by 1864.
1862
What is the remainder when 55257497 is divided by 50?
47
What is the remainder when 41725896 is divided by 11?
3
What is the remainder when 1817505 is divided by 12448?
97
Calculate the remainder when 2605434 is divided by 868291.
561
Calculate the remainder when 131038 is divided by 1016.
990
What is the remainder when 102759787 is divided by 586?
585
Calculate the remainder when 12775 is divided by 12544.
231
Calculate the remainder when 756885 is divided by 80.
5
What is the remainder when 84412 is divided by 1003?
160
What is the remainder when 93000 is divided by 772?
360
Calculate the remainder when 674950 is divided by 3717.
2173
What is the remainder when 60276220 is divided by 24024?
4
What is the remainder when 159359 is divided by 157853?
1506
Calculate the remainder when 8961019 is divided by 348.
19
What is the remainder when 3229644 is divided by 25632?
12
What is the remainder when 7077951 is divided by 784?
783
Calculate the remainder when 21424 is divided by 5223.
532
Calculate the remainder when 347675 is divided by 57861.
509
What is the remainder when 118089 is divided by 594?
477
Calculate the remainder when 18134212 is divided by 37.
31
What is the remainder when 22070952 is divided by 7356971?
39
Calculate the remainder when 53764 is divided by 17636.
856
Calculate the remainder when 2034085 is divided by 11554.
581
What is the remainder when 3688108 is divided by 5105?
2298
Calculate the remainder when 3212098 is divided by 66.
10
Calculate the remainder when 201670 is divided by 8747.
489
Calculate the remainder when 39819591 is divided by 7963874.
221
What is the remainder when 11599274 is divided by 345?
29
What is the remainder when 168468798 is divided by 1775?
1773
What is the remainder when 178510 is divided by 1492?
962
Calculate the remainder when 7128539 is divided by 45.
44
What is the remainder when 5111891 is divided by 27?
8
What is the remainder when 714694 is divided by 4702?
4692
Calculate the remainder when 159333 is divided by 2655.
33
Calculate the remainder when 29517 is divided by 9684.
465
Calculate the remainder when 484356 is divided by 28491.
9
What is the remainder when 47945 is divided by 5222?
947
Calculate the remainder when 2601905 is divided by 5053.
4663
What is the remainder when 71222 is divided by 14244?
2
What is the remainder when 55556289 is divided by 1755?
9
Calculate the remainder when 1130037 is d